t the prime factors of 1685674.
2, 41, 61, 337
What are the prime factors of 654990?
2, 3, 5, 7, 3119
What are the prime factors of 2895952?
2, 47, 3851
What are the prime factors of 4743169?
197, 24077
What are the prime factors of 22470?
2, 3, 5, 7, 107
List the prime factors of 1345116.
2, 3, 197, 569
What are the prime factors of 510747?
3, 170249
What are the prime factors of 27596?
2, 6899
What are the prime factors of 595939?
595939
What are the prime factors of 466122?
2, 3, 77687
What are the prime factors of 84261?
3, 28087
What are the prime factors of 1369766?
2, 31, 22093
What are the prime factors of 12680214?
2, 3, 2113369
What are the prime factors of 196320?
2, 3, 5, 409
What are the prime factors of 5891?
43, 137
List the prime factors of 5238271.
103, 50857
What are the prime factors of 16956048?
2, 3, 61, 5791
List the prime factors of 1982118.
2, 3, 19, 17387
List the prime factors of 511999.
79, 6481
List the prime factors of 973780.
2, 5, 181, 269
List the prime factors of 1262284.
2, 17, 19, 977
List the prime factors of 759142.
2, 379571
What are the prime factors of 83030?
2, 5, 19, 23
List the prime factors of 9801972.
2, 3, 30253
What are the prime factors of 12025203?
3, 59, 67939
What are the prime factors of 2740487?
1613, 1699
List the prime factors of 8928916.
2, 2232229
What are the prime factors of 3252892?
2, 31, 37, 709
List the prime factors of 18457994.
2, 9228997
What are the prime factors of 262683?
3, 23, 47
List the prime factors of 161157.
3, 53719
What are the prime factors of 3385459?
7, 11, 571
What are the prime factors of 1063818?
2, 3, 7, 8443
List the prime factors of 2932482.
2, 3, 7, 69821
List the prime factors of 1294941.
3, 17, 25391
List the prime factors of 1471204.
2, 7, 52543
List the prime factors of 972837.
3, 137, 263
What are the prime factors of 2548194?
2, 3, 11, 38609
List the prime factors of 4011409.
4011409
List the prime factors of 3465783.
3, 385087
What are the prime factors of 43360?
2, 5, 271
List the prime factors of 26396876.
2, 11, 54539
List the prime factors of 396803.
11, 36073
What are the prime factors of 10721012?
2, 257, 10429
List the prime factors of 3788639.
3788639
List the prime factors of 10349457.
3, 71, 48589
What are the prime factors of 338653?
7, 101, 479
What are the prime factors of 515542?
2, 17, 59, 257
What are the prime factors of 1935655?
5, 37, 10463
What are the prime factors of 46157?
101, 457
What are the prime factors of 701859?
3, 179, 1307
What are the prime factors of 588077?
7, 84011
List the prime factors of 396394.
2, 198197
List the prime factors of 510078.
2, 3, 151, 563
List the prime factors of 2833356.
2, 3, 17, 19, 43
List the prime factors of 10106089.
7, 1443727
List the prime factors of 26013.
3, 13, 23, 29
List the prime factors of 5259920.
2, 5, 37, 1777
What are the prime factors of 621533?
11, 56503
What are the prime factors of 24002557?
43, 59, 9461
What are the prime factors of 1443876?
2, 3, 7, 17189
What are the prime factors of 367387?
17, 21611
List the prime factors of 4789855.
5, 7, 107, 1279
List the prime factors of 141850.
2, 5, 2837
List the prime factors of 607407.
3, 23, 8803
List the prime factors of 883247.
883247
List the prime factors of 802945.
5, 11, 13, 1123
What are the prime factors of 686632?
2, 85829
List the prime factors of 5855566.
2, 431, 6793
List the prime factors of 596383.
47, 12689
What are the prime factors of 1859324?
2, 17, 37, 739
List the prime factors of 2275613.
2275613
What are the prime factors of 5198109?
3, 7, 247529
List the prime factors of 948765.
3, 5, 19, 3329
What are the prime factors of 209867?
7, 4283
List the prime factors of 2841595.
5, 53, 10723
What are the prime factors of 315149?
89, 3541
What are the prime factors of 2018191?
7, 288313
List the prime factors of 6646194.
2, 3, 61, 6053
What are the prime factors of 1726363?
1726363
What are the prime factors of 402805?
5, 13, 6197
What are the prime factors of 608437?
19, 31, 1033
What are the prime factors of 44954?
2, 7, 13, 19
What are the prime factors of 2508849?
3, 7, 5689
List the prime factors of 3677947.
7, 13, 3109
List the prime factors of 7015491.
3, 7, 12373
What are the prime factors of 9338796?
2, 3, 259411
List the prime factors of 3083870.
2, 5, 137, 2251
What are the prime factors of 1499883?
3, 7, 11, 43, 151
List the prime factors of 486316.
2, 121579
What are the prime factors of 4408482?
2, 3, 13, 56519
What are the prime factors of 41913023?
31, 73, 18521
List the prime factors of 5761523.
23, 250501
What are the prime factors of 393487?
393487
What are the prime factors of 2276555?
5, 17, 26783
What are the prime factors of 243400?
2, 5, 1217
What are the prime factors of 4695950?
2, 5, 7, 13417
What are the prime factors of 685446?
2, 3, 23, 4967
What are the prime factors of 1003872?
2, 3, 10457
What are the prime factors of 920287?
109, 8443
List the prime factors of 342755.
5, 7, 1399
List the prime factors of 1333837.
17, 31, 2531
List the prime factors of 14989314.
2, 3, 2498219
List the prime factors of 47161.
47161
List the prime factors of 5988340.
2, 5, 299417
List the prime factors of 364627.
364627
List the prime factors of 6829671.
3, 2276557
List the prime factors of 1471960.
2, 5, 7, 751
What are the prime factors of 988448?
2, 17, 23, 79
What are the prime factors of 5121528?
2, 3, 213397
What are the prime factors of 171848?
2, 21481
What are the prime factors of 5872?
2, 367
List the prime factors of 1150670.
2, 5, 115067
List the prime factors of 1985556.
2, 3, 165463
What are the prime factors of 460125?
3, 5, 409
What are the prime factors of 5425208?
2, 359, 1889
List the prime factors of 940846.
2, 47, 10009
What are the prime factors of 300750?
2, 3, 5, 401
List the prime factors of 4401322.
2, 2200661
What are the prime factors of 6510043?
53, 113, 1087
List the prime factors of 258965.
5, 7, 151
List the prime factors of 31084613.
7, 4440659
What are the prime factors of 22128685?
5, 4425737
What are the prime factors of 3679116?
2, 3, 7, 6257
What are the prime factors of 14945548?
2, 1871, 1997
List the prime factors of 35036947.
11, 3185177
What are the prime factors of 278697?
3, 92899
List the prime factors of 187354.
2, 113, 829
What are the prime factors of 151445?
5, 7, 4327
List the prime factors of 17574459.
3, 7, 836879
List the prime factors of 5015922.
2, 3, 835987
List the prime factors of 1083093.
3, 11, 23, 1427
What are the prime factors of 9239224?
2, 359, 3217
What are the prime factors of 1244506?
2, 29, 43, 499
What are the prime factors of 74038?
2, 37019
List the prime factors of 2098841.
2098841
What are the prime factors of 286909?
7, 17, 2411
List the prime factors of 181797.
3, 7, 11, 787
List the prime factors of 48467.
17, 2851
What are the prime factors of 470295?
3, 5, 7, 1493
What are the prime factors of 5991743?
37, 67, 2417
What are the prime factors of 1027397?
7, 317, 463
List the prime factors of 485323.
23, 21101
List the prime factors of 3887370.
2, 3, 5, 47, 919
What are the prime factors of 155163?
3, 51721
What are the prime factors of 968055?
3, 5, 11, 5867
What are the prime factors of 2816?
2, 11
What are the prime factors of 5419661?
13, 32069
What are the prime factors of 710914?
2, 355457
List the prime factors of 8528268.
2, 3, 7, 101527
List the prime factors of 2403254.
2, 7, 137, 179
List the prime factors of 8519270.
2, 5, 881, 967
List the prime factors of 8422279.
8422279
List the prime factors of 13270311.
3, 173, 947
List the prime factors of 25568.
2, 17, 47
List the prime factors of 576282.
2, 3, 7, 13721
List the prime factors of 22770586.
2, 449, 25357
List the prime factors of 297024.
2, 3, 7, 13, 17
List the prime factors of 2105888.
2, 65809
List the prime factors of 233098.
2, 116549
What are the prime factors of 482355?
3, 5, 397
List the prime factors of 8690379.
3, 2896793
What are the prime factors of 983523?
3, 137, 2393
What are the prime factors of 1212817?
1212817
What are the prime factors of 296536?
2, 101, 367
What are the prime factors of 911359?
911359
List the prime factors of 1160778.
2, 3, 193463
What are the prime factors of 7083104?
2, 7, 103, 307
What are the prime factor